{"id":41,"date":"2020-05-25T16:06:36","date_gmt":"2020-05-25T19:06:36","guid":{"rendered":"https:\/\/site.amarelinhoservicos.com.br\/?page_id=41"},"modified":"2020-05-26T14:09:04","modified_gmt":"2020-05-26T17:09:04","slug":"quem-somos","status":"publish","type":"page","link":"https:\/\/www.amarelinhoservicos.com.br\/index.php\/quem-somos\/","title":{"rendered":"Quem Somos"},"content":{"rendered":"<p>[et_pb_section bb_built=&#8221;1&#8243; fullwidth=&#8221;on&#8221; _builder_version=&#8221;3.0.47&#8243;][et_pb_fullwidth_slider admin_label=&#8221;Fullwidth Slider&#8221; _builder_version=&#8221;3.0.71&#8243; top_padding=&#8221;100px&#8221; bottom_padding=&#8221;100px&#8221; show_arrows=&#8221;on&#8221; show_pagination=&#8221;on&#8221; parallax=&#8221;off&#8221; parallax_method=&#8221;off&#8221; remove_inner_shadow=&#8221;off&#8221; custom_button=&#8221;off&#8221; button_letter_spacing=&#8221;0&#8243; button_icon_placement=&#8221;right&#8221; button_letter_spacing_hover=&#8221;0&#8243; auto=&#8221;off&#8221; auto_ignore_hover=&#8221;off&#8221; hide_content_on_mobile=&#8221;off&#8221; hide_cta_on_mobile=&#8221;off&#8221; show_image_video_mobile=&#8221;off&#8221;] [et_pb_slide heading=&#8221;Amarelinho Servi\u00e7os&#8221; background_image=&#8221;https:\/\/elegantthemesimages.com\/images\/premade\/d2-placeholder-1920.png&#8221; use_bg_overlay=&#8221;off&#8221; use_text_overlay=&#8221;off&#8221; _builder_version=&#8221;3.0.47&#8243; header_font=&#8221;||||&#8221; body_font=&#8221;||||&#8221; use_background_color_gradient=&#8221;on&#8221; background_color_gradient_start=&#8221;#e09900&#8243; background_color_gradient_end=&#8221;#0c71c3&#8243; custom_button=&#8221;off&#8221; button_icon_placement=&#8221;right&#8221; button_on_hover=&#8221;on&#8221; background_color=&#8221;#ffffff&#8221; background_color_gradient_type=&#8221;linear&#8221; background_color_gradient_direction=&#8221;180deg&#8221; background_color_gradient_direction_radial=&#8221;center&#8221; background_color_gradient_start_position=&#8221;0%&#8221; background_color_gradient_end_position=&#8221;100%&#8221; parallax=&#8221;off&#8221; parallax_method=&#8221;off&#8221; background_position=&#8221;center&#8221; background_size=&#8221;cover&#8221; background_repeat=&#8221;no-repeat&#8221; background_blend=&#8221;normal&#8221; allow_player_pause=&#8221;off&#8221; text_border_radius=&#8221;3&#8243; alignment=&#8221;center&#8221; background_layout=&#8221;dark&#8221; header_font_select=&#8221;default&#8221; body_font_select=&#8221;default&#8221; button_font_select=&#8221;default&#8221; button_font=&#8221;||||&#8221; button_use_icon=&#8221;default&#8221;]<\/p>\n<div align=\"center\">\n<div style=\"width: 500px;\" class=\"wp-video\"><!--[if lt IE 9]><script>document.createElement('video');<\/script><![endif]-->\n<video class=\"wp-video-shortcode\" id=\"video-41-1\" width=\"500\" height=\"350\" preload=\"metadata\" controls=\"controls\"><source type=\"video\/mp4\" src=\"https:\/\/site.amarelinhoservicos.com.br\/wp-content\/uploads\/2020\/05\/WhatsApp-Video-2020-05-21-at-16.48.50.mp4?_=1\" \/><a href=\"https:\/\/site.amarelinhoservicos.com.br\/wp-content\/uploads\/2020\/05\/WhatsApp-Video-2020-05-21-at-16.48.50.mp4\">https:\/\/site.amarelinhoservicos.com.br\/wp-content\/uploads\/2020\/05\/WhatsApp-Video-2020-05-21-at-16.48.50.mp4<\/a><\/video><\/div>\n<\/div>\n<p>&nbsp;<\/p>\n<p style=\"text-align: justify;\">Uma empresa s\u00e9ria e inovadora que conta com uma equipe altamente t\u00e9cnica, multidisciplinar, incluindo: especialista em Per\u00edcia Ambiental, especialista em Auditoria Ambiental, especialista em Gest\u00e3o Ambiental, especialista em direitos humanos, graduado em Geoprocessamento, bi\u00f3logo, administrador, nutricionista e t\u00e9cnico agr\u00edcola \u2013 in\u00fameras participa\u00e7\u00f5es em congressos e eventos, publica\u00e7\u00e3o de artigo cient\u00edfico na \u00e1rea de tecnologia e sa\u00fade p\u00fablica.<\/p>\n<p style=\"text-align: justify;\">A Amarelinho Servi\u00e7os Ltda surgiu de um projeto evolucion\u00e1rio. O conhecimento e seriedade com a pesquisa foi se apurando ano p\u00f3s ano, e n\u00e3o parou mais. Sendo assim, hoje, a Amarelinho Servi\u00e7os \u00e9 uma empresa especializada no controle de pragas urbanas e se transformou em uma das melhores empresas do seguimento no Brasil. A Amarelinho Servi\u00e7os est\u00e1 preparada e equipada para garantir conhecimento no que faz, e seguran\u00e7a no que executa.<\/p>\n<p>Atualmente a empresa conta com supervis\u00e3o e RT full-time para garantir seguran\u00e7a e qualidade nos servi\u00e7os prestados a seus clientes. Todos os profissionais s\u00e3o registrados em \u00f3rg\u00e3os de fiscaliza\u00e7\u00e3o como CRBio, CREA, CRA e CRN.<\/p>\n<p>&nbsp;<\/p>\n<p>[\/et_pb_slide] [\/et_pb_fullwidth_slider][\/et_pb_section][et_pb_section bb_built=&#8221;1&#8243; background_color=&#8221;#f7f7f7&#8243; inner_shadow=&#8221;on&#8221; _builder_version=&#8221;3.0.47&#8243;][et_pb_row _builder_version=&#8221;3.0.47&#8243; background_size=&#8221;initial&#8221; background_position=&#8221;top_left&#8221; background_repeat=&#8221;repeat&#8221;][et_pb_column type=&#8221;1_2&#8243;][et_pb_text _builder_version=&#8221;3.0.71&#8243;]<\/p>\n<header class=\"article-header clearfix\">\n<h1 class=\"article-title\">Vis\u00e3o<\/h1>\n<\/header>\n<section class=\"article-content clearfix\">Ser uma das melhores empresas de maior seguran\u00e7a na atua\u00e7\u00e3o de controle de pragas e vetores do pa\u00eds, buscando os valores \u00e9ticos, garantindo a qualidade e seguran\u00e7a para o meio ambiente, nossos clientes e colaboradores.\u00a0<\/section>\n<section class=\"article-content clearfix\">\n<header class=\"article-header clearfix\">\n<h1 class=\"article-title\">Miss\u00e3o<\/h1>\n<\/header>\n<section class=\"article-content clearfix\">Garantir a seus clientes e ao meio ambiente um controle de pragas e vetores seguro e eficiente, proporcionando agilidade, honestidade e transpar\u00eancia nos produtos e servi\u00e7os oferecidos pela empresa.<\/p>\n<header class=\"article-header clearfix\">\n<h1 class=\"article-title\">Valores<\/h1>\n<\/header>\n<section class=\"article-content clearfix\">\n<ul>\n<li>Seguran\u00e7a cont\u00ednua no que executamos;<\/li>\n<li>Respeito ao Ser humano e ao Meio Ambiente;<\/li>\n<li>\u00c9tica e moralidade;<\/li>\n<li>Compromisso;<\/li>\n<li>Transpar\u00eancia;<\/li>\n<li>Responsabilidade.<\/li>\n<\/ul>\n<header class=\"article-header clearfix\"><\/header>\n<section class=\"article-content clearfix\">\n<section class=\"article-content clearfix\"><\/section>\n<\/section>\n<\/section>\n<\/section>\n<\/section>\n<p>[\/et_pb_text][\/et_pb_column][et_pb_column type=&#8221;1_2&#8243;][et_pb_text _builder_version=&#8221;3.0.71&#8243;]<\/p>\n<header class=\"article-header clearfix\">\n<h1 class=\"article-title\">Pol\u00edtica da Qualidade<\/h1>\n<\/header>\n<section class=\"article-content clearfix\">A Pol\u00edtica da Qualidade tem por objetivo principal firmar os compromissos da empresa com a garantia da\u00a0<a title=\"Qualidade\" href=\"http:\/\/pt.wikipedia.org\/wiki\/Qualidade\">qualidade<\/a>\u00a0perante seus clientes \u2013 sendo assim, A Amarelinho Servi\u00e7os, demonstra de forma transparente suas verdadeiras inten\u00e7\u00f5es e diretrizes para seus clientes e colaboradores no oferecimento de seus produtos e servi\u00e7os.\u00a0<\/section>\n<section class=\"article-content clearfix\">\n<header class=\"article-header clearfix\">\n<h1 class=\"article-title\">Seguran\u00e7a<\/h1>\n<\/header>\n<section class=\"article-content clearfix\">A pol\u00edtica de seguran\u00e7a \u00e9 a express\u00e3o formal das regras do Sistema de Gest\u00e3o adotado pela empresa. A Amarelinho Servi\u00e7os se preocupa com a seguran\u00e7a, pois atuamos na \u00e1rea da Sa\u00fade que contempla Sub\u00e1rea Controle de Vetores e Pragas, de acordo com art.5\u00ba da Resolu\u00e7\u00e3o do CFBio n\u00ba 227, de 18 de agosto de 2010. Por isso, estamos atentos e atuantes para garantirmos seguran\u00e7a ao meio ambiente, a nossos clientes e colaboradores &#8211; adotando assim, o Sistema de Gest\u00e3o da Qualidade, sistema que grandes empresas nacionais e internacionais adotam para que a Sa\u00fade, Seguran\u00e7a e o Meio Ambiente sejam discutidos como valores acima de tudo.<\/section>\n<\/section>\n<p>[\/et_pb_text][\/et_pb_column][\/et_pb_row][\/et_pb_section]<\/p>\n","protected":false},"excerpt":{"rendered":"<p>[et_pb_section bb_built=&#8221;1&#8243; fullwidth=&#8221;on&#8221; _builder_version=&#8221;3.0.47&#8243;][et_pb_fullwidth_slider admin_label=&#8221;Fullwidth Slider&#8221; _builder_version=&#8221;3.0.71&#8243; top_padding=&#8221;100px&#8221; bottom_padding=&#8221;100px&#8221; show_arrows=&#8221;on&#8221; show_pagination=&#8221;on&#8221; parallax=&#8221;off&#8221; parallax_method=&#8221;off&#8221; remove_inner_shadow=&#8221;off&#8221; custom_button=&#8221;off&#8221; button_letter_spacing=&#8221;0&#8243; button_icon_placement=&#8221;right&#8221; button_letter_spacing_hover=&#8221;0&#8243; auto=&#8221;off&#8221; auto_ignore_hover=&#8221;off&#8221; hide_content_on_mobile=&#8221;off&#8221; hide_cta_on_mobile=&#8221;off&#8221; show_image_video_mobile=&#8221;off&#8221;] [et_pb_slide heading=&#8221;Amarelinho Servi\u00e7os&#8221; background_image=&#8221;https:\/\/elegantthemesimages.com\/images\/premade\/d2-placeholder-1920.png&#8221; use_bg_overlay=&#8221;off&#8221; use_text_overlay=&#8221;off&#8221; _builder_version=&#8221;3.0.47&#8243; header_font=&#8221;||||&#8221; body_font=&#8221;||||&#8221; use_background_color_gradient=&#8221;on&#8221; background_color_gradient_start=&#8221;#e09900&#8243; background_color_gradient_end=&#8221;#0c71c3&#8243; custom_button=&#8221;off&#8221; button_icon_placement=&#8221;right&#8221; button_on_hover=&#8221;on&#8221; background_color=&#8221;#ffffff&#8221; background_color_gradient_type=&#8221;linear&#8221; background_color_gradient_direction=&#8221;180deg&#8221; background_color_gradient_direction_radial=&#8221;center&#8221; background_color_gradient_start_position=&#8221;0%&#8221; background_color_gradient_end_position=&#8221;100%&#8221; parallax=&#8221;off&#8221; parallax_method=&#8221;off&#8221; background_position=&#8221;center&#8221; background_size=&#8221;cover&#8221; background_repeat=&#8221;no-repeat&#8221; background_blend=&#8221;normal&#8221; allow_player_pause=&#8221;off&#8221; text_border_radius=&#8221;3&#8243; alignment=&#8221;center&#8221; background_layout=&#8221;dark&#8221; header_font_select=&#8221;default&#8221; [&hellip;]<\/p>\n","protected":false},"author":1,"featured_media":0,"parent":0,"menu_order":0,"comment_status":"closed","ping_status":"closed","template":"","meta":{"footnotes":""},"class_list":["post-41","page","type-page","status-publish","hentry"],"_links":{"self":[{"href":"https:\/\/www.amarelinhoservicos.com.br\/index.php\/wp-json\/wp\/v2\/pages\/41","targetHints":{"allow":["GET"]}}],"collection":[{"href":"https:\/\/www.amarelinhoservicos.com.br\/index.php\/wp-json\/wp\/v2\/pages"}],"about":[{"href":"https:\/\/www.amarelinhoservicos.com.br\/index.php\/wp-json\/wp\/v2\/types\/page"}],"author":[{"embeddable":true,"href":"https:\/\/www.amarelinhoservicos.com.br\/index.php\/wp-json\/wp\/v2\/users\/1"}],"replies":[{"embeddable":true,"href":"https:\/\/www.amarelinhoservicos.com.br\/index.php\/wp-json\/wp\/v2\/comments?post=41"}],"version-history":[{"count":11,"href":"https:\/\/www.amarelinhoservicos.com.br\/index.php\/wp-json\/wp\/v2\/pages\/41\/revisions"}],"predecessor-version":[{"id":176,"href":"https:\/\/www.amarelinhoservicos.com.br\/index.php\/wp-json\/wp\/v2\/pages\/41\/revisions\/176"}],"wp:attachment":[{"href":"https:\/\/www.amarelinhoservicos.com.br\/index.php\/wp-json\/wp\/v2\/media?parent=41"}],"curies":[{"name":"wp","href":"https:\/\/api.w.org\/{rel}","templated":true}]}}

<p>[et_pb_section bb_built=&#8221;1&#8243; fullwidth=&#8221;on&#8221; _builder_version=&#8221;3.0.47&#8243;][et_pb_fullwidth_slider admin_label=&#8221;Fullwidth Slider&#8221; _builder_version=&#8221;3.0.71&#8243; top_padding=&#8221;100px&#8221; bottom_padding=&#8221;100px&#8221; show_arrows=&#8221;on&#8221; show_pagination=&#8221;on&#8221; parallax=&#8221;off&#8221; parallax_method=&#8221;off&#8221; remove_inner_shadow=&#8221;off&#8221; custom_button=&#8221;off&#8221; button_letter_spacing=&#8221;0&#8243; button_icon_placement=&#8221;right&#8221; button_letter_spacing_hover=&#8221;0&#8243; auto=&#8221;off&#8221; auto_ignore_hover=&#8221;off&#8221; hide_content_on_mobile=&#8221;off&#8221; hide_cta_on_mobile=&#8221;off&#8221; show_image_video_mobile=&#8221;off&#8221;] [et_pb_slide heading=&#8221;Amarelinho Serviços&#8221; background_image=&#8221;https://elegantthemesimages.com/images/premade/d2-placeholder-1920.png&#8221; use_bg_overlay=&#8221;off&#8221; use_text_overlay=&#8221;off&#8221; _builder_version=&#8221;3.0.47&#8243; header_font=&#8221;||||&#8221; body_font=&#8221;||||&#8221; use_background_color_gradient=&#8221;on&#8221; background_color_gradient_start=&#8221;#e09900&#8243; background_color_gradient_end=&#8221;#0c71c3&#8243; custom_button=&#8221;off&#8221; button_icon_placement=&#8221;right&#8221; button_on_hover=&#8221;on&#8221; background_color=&#8221;#ffffff&#8221; background_color_gradient_type=&#8221;linear&#8221; background_color_gradient_direction=&#8221;180deg&#8221; background_color_gradient_direction_radial=&#8221;center&#8221; background_color_gradient_start_position=&#8221;0%&#8221; background_color_gradient_end_position=&#8221;100%&#8221; parallax=&#8221;off&#8221; parallax_method=&#8221;off&#8221; background_position=&#8221;center&#8221; background_size=&#8221;cover&#8221; background_repeat=&#8221;no-repeat&#8221; background_blend=&#8221;normal&#8221; allow_player_pause=&#8221;off&#8221; text_border_radius=&#8221;3&#8243; alignment=&#8221;center&#8221; background_layout=&#8221;dark&#8221; header_font_select=&#8221;default&#8221; body_font_select=&#8221;default&#8221; button_font_select=&#8221;default&#8221; button_font=&#8221;||||&#8221; button_use_icon=&#8221;default&#8221;]</p>
<div align="center">
<div style="width: 500px;" class="wp-video"><!--[if lt IE 9]><script>document.createElement('video');</script><![endif]-->
<video class="wp-video-shortcode" id="video-41-1" width="500" height="350" preload="metadata" controls="controls"><source type="video/mp4" src="https://site.amarelinhoservicos.com.br/wp-content/uploads/2020/05/WhatsApp-Video-2020-05-21-at-16.48.50.mp4?_=1" /><a href="https://site.amarelinhoservicos.com.br/wp-content/uploads/2020/05/WhatsApp-Video-2020-05-21-at-16.48.50.mp4">https://site.amarelinhoservicos.com.br/wp-content/uploads/2020/05/WhatsApp-Video-2020-05-21-at-16.48.50.mp4</a></video></div>
</div>
<p>&nbsp;</p>
<p style="text-align: justify;">Uma empresa séria e inovadora que conta com uma equipe altamente técnica, multidisciplinar, incluindo: especialista em Perícia Ambiental, especialista em Auditoria Ambiental, especialista em Gestão Ambiental, especialista em direitos humanos, graduado em Geoprocessamento, biólogo, administrador, nutricionista e técnico agrícola – inúmeras participações em congressos e eventos, publicação de artigo científico na área de tecnologia e saúde pública.</p>
<p style="text-align: justify;">A Amarelinho Serviços Ltda surgiu de um projeto evolucionário. O conhecimento e seriedade com a pesquisa foi se apurando ano pós ano, e não parou mais. Sendo assim, hoje, a Amarelinho Serviços é uma empresa especializada no controle de pragas urbanas e se transformou em uma das melhores empresas do seguimento no Brasil. A Amarelinho Serviços está preparada e equipada para garantir conhecimento no que faz, e segurança no que executa.</p>
<p>Atualmente a empresa conta com supervisão e RT full-time para garantir segurança e qualidade nos serviços prestados a seus clientes. Todos os profissionais são registrados em órgãos de fiscalização como CRBio, CREA, CRA e CRN.</p>
<p>&nbsp;</p>
<p>[/et_pb_slide] [/et_pb_fullwidth_slider][/et_pb_section][et_pb_section bb_built=&#8221;1&#8243; background_color=&#8221;#f7f7f7&#8243; inner_shadow=&#8221;on&#8221; _builder_version=&#8221;3.0.47&#8243;][et_pb_row _builder_version=&#8221;3.0.47&#8243; background_size=&#8221;initial&#8221; background_position=&#8221;top_left&#8221; background_repeat=&#8221;repeat&#8221;][et_pb_column type=&#8221;1_2&#8243;][et_pb_text _builder_version=&#8221;3.0.71&#8243;]</p>
<header class="article-header clearfix">
<h1 class="article-title">Visão</h1>
</header>
<section class="article-content clearfix">Ser uma das melhores empresas de maior segurança na atuação de controle de pragas e vetores do país, buscando os valores éticos, garantindo a qualidade e segurança para o meio ambiente, nossos clientes e colaboradores. </section>
<section class="article-content clearfix">
<header class="article-header clearfix">
<h1 class="article-title">Missão</h1>
</header>
<section class="article-content clearfix">Garantir a seus clientes e ao meio ambiente um controle de pragas e vetores seguro e eficiente, proporcionando agilidade, honestidade e transparência nos produtos e serviços oferecidos pela empresa.</p>
<header class="article-header clearfix">
<h1 class="article-title">Valores</h1>
</header>
<section class="article-content clearfix">
<ul>
<li>Segurança contínua no que executamos;</li>
<li>Respeito ao Ser humano e ao Meio Ambiente;</li>
<li>Ética e moralidade;</li>
<li>Compromisso;</li>
<li>Transparência;</li>
<li>Responsabilidade.</li>
</ul>
<header class="article-header clearfix"></header>
<section class="article-content clearfix">
<section class="article-content clearfix"></section>
</section>
</section>
</section>
</section>
<p>[/et_pb_text][/et_pb_column][et_pb_column type=&#8221;1_2&#8243;][et_pb_text _builder_version=&#8221;3.0.71&#8243;]</p>
<header class="article-header clearfix">
<h1 class="article-title">Política da Qualidade</h1>
</header>
<section class="article-content clearfix">A Política da Qualidade tem por objetivo principal firmar os compromissos da empresa com a garantia da <a title="Qualidade" href="http://pt.wikipedia.org/wiki/Qualidade">qualidade</a> perante seus clientes – sendo assim, A Amarelinho Serviços, demonstra de forma transparente suas verdadeiras intenções e diretrizes para seus clientes e colaboradores no oferecimento de seus produtos e serviços. </section>
<section class="article-content clearfix">
<header class="article-header clearfix">
<h1 class="article-title">Segurança</h1>
</header>
<section class="article-content clearfix">A política de segurança é a expressão formal das regras do Sistema de Gestão adotado pela empresa. A Amarelinho Serviços se preocupa com a segurança, pois atuamos na área da Saúde que contempla Subárea Controle de Vetores e Pragas, de acordo com art.5º da Resolução do CFBio nº 227, de 18 de agosto de 2010. Por isso, estamos atentos e atuantes para garantirmos segurança ao meio ambiente, a nossos clientes e colaboradores &#8211; adotando assim, o Sistema de Gestão da Qualidade, sistema que grandes empresas nacionais e internacionais adotam para que a Saúde, Segurança e o Meio Ambiente sejam discutidos como valores acima de tudo.</section>
</section>
<p>[/et_pb_text][/et_pb_column][/et_pb_row][/et_pb_section]</p>

<p>[et_pb_section bb_built=&#8221;1&#8243; fullwidth=&#8221;on&#8221; _builder_version=&#8221;3.0.47&#8243;][et_pb_fullwidth_slider admin_label=&#8221;Fullwidth Slider&#8221; _builder_version=&#8221;3.0.71&#8243; top_padding=&#8221;100px&#8221; bottom_padding=&#8221;100px&#8221; show_arrows=&#8221;on&#8221; show_pagination=&#8221;on&#8221; parallax=&#8221;off&#8221; parallax_method=&#8221;off&#8221; remove_inner_shadow=&#8221;off&#8221; custom_button=&#8221;off&#8221; button_letter_spacing=&#8221;0&#8243; button_icon_placement=&#8221;right&#8221; button_letter_spacing_hover=&#8221;0&#8243; auto=&#8221;off&#8221; auto_ignore_hover=&#8221;off&#8221; hide_content_on_mobile=&#8221;off&#8221; hide_cta_on_mobile=&#8221;off&#8221; show_image_video_mobile=&#8221;off&#8221;] [et_pb_slide heading=&#8221;Amarelinho Serviços&#8221; background_image=&#8221;https://elegantthemesimages.com/images/premade/d2-placeholder-1920.png&#8221; use_bg_overlay=&#8221;off&#8221; use_text_overlay=&#8221;off&#8221; _builder_version=&#8221;3.0.47&#8243; header_font=&#8221;||||&#8221; body_font=&#8221;||||&#8221; use_background_color_gradient=&#8221;on&#8221; background_color_gradient_start=&#8221;#e09900&#8243; background_color_gradient_end=&#8221;#0c71c3&#8243; custom_button=&#8221;off&#8221; button_icon_placement=&#8221;right&#8221; button_on_hover=&#8221;on&#8221; background_color=&#8221;#ffffff&#8221; background_color_gradient_type=&#8221;linear&#8221; background_color_gradient_direction=&#8221;180deg&#8221; background_color_gradient_direction_radial=&#8221;center&#8221; background_color_gradient_start_position=&#8221;0%&#8221; background_color_gradient_end_position=&#8221;100%&#8221; parallax=&#8221;off&#8221; parallax_method=&#8221;off&#8221; background_position=&#8221;center&#8221; background_size=&#8221;cover&#8221; background_repeat=&#8221;no-repeat&#8221; background_blend=&#8221;normal&#8221; allow_player_pause=&#8221;off&#8221; text_border_radius=&#8221;3&#8243; alignment=&#8221;center&#8221; background_layout=&#8221;dark&#8221; header_font_select=&#8221;default&#8221; [&hellip;]</p>
